)/(2*y/(-55)). Calculate the highest common factor of 11 and t.
11
Suppose 3*n - 3*d - 393 = 0, 4*d + 161 = 2*n - 97. What is the highest common divisor of n and 14?
7
Let c be ((-3)/(-6)*-2)/((-4)/(-108)). Let t = c + 60. What is the highest common factor of 33 and t?
33
Let s be 4/3*(-42)/(-28). Suppose 4*u + 5*o - 25 = 0, -2*u - 3*o + s*o + 5 = 0. Let y be (u - 6)*(2 - 14). Calculate the greatest common factor of y and 18.
18
Suppose 7 = -2*d - 2*w - 5, -4*d - 2*w = 22. Let s be (d + 4)/((-2)/(-22)). Let v be s/(-4) - 9/12. What is the greatest common factor of 2 and v?
2
Suppose 1905 = 19*h + 5. Calculate the greatest common factor of h and 20.
20
Suppose 16*l = -4*k + 20*l + 576, 4*k - 560 = -4*l. What is the highest common factor of 781 and k?
71
Suppose 14*b = 10*b + 480. Suppose b + 150 = 6*p. Calculate the highest common divisor of 5 and p.
5
Let n(z) = -16*z - 6. Let a(w) = -63*w - 24. Let t(x) = -2*a(x) + 9*n(x). Let j be t(-4). What is the greatest common factor of 6 and j?
6
Let m(z) = z**3 - 17*z**2 + 20. Let s be (((-510)/(-5))/(-3))/(-2). Let j be m(s). Calculate the greatest common divisor of 4 and j.
4
Suppose 0 = -2*f - 52*m + 56*m + 2536, 3*f = -3*m + 3768. Calculate the greatest common factor of f and 42.
42
Suppose 0 = -2*h + 12 - 6. Let c be h/(-4) - (-2678)/104. Suppose -k - 122 = -397. Calculate the highest common factor of c and k.
25
Let n(q) = -2*q + 65. Let u be n(13). Calculate the greatest common factor of 78 and u.
39
Let s be (-1)/(-1)*90/9. Let a(n) = n + 17. Let r be a(13). What is the highest common divisor of r and s?
10
Let c(d) = 2*d**3 - 3*d**2 - 5*d - 53. Let k be c(5). What is the greatest common factor of 3589 and k?
97
Let h(s) = -5*s + 15. Let y be h(3). Suppose y = 7*r + 21 - 231. Let t = -245 + 455. What is the greatest common factor of t and r?
30
Let c = -16 + 17. Let p be (-386)/(-8) + c/(-4). Suppose 2*v - 94 = -4*k, 100 = 4*k - v - 3*v. Calculate the greatest common divisor of k and p.
24
Suppose 5*o - 128 = 32. Calculate the greatest common divisor of 4 and o.
4
Suppose 0*h = 3*h - 3. Let u = -2872 + 2873. Calculate the greatest common factor of u and h.
1
Suppose -10*f = 10*f - 340. Suppose -5*u = -2*u - 561. Calculate the greatest common divisor of u and f.
17
Suppose 910 = -2094*f + 2101*f. What is the greatest common factor of 50 and f?
10
Let p(u) = -u**2 - 25*u - 80. Let t be p(-21). What is the highest common factor of t and 6?
2
Suppose p - 10 + 2 = 5*d, 5*d + 16 = 2*p. Calculate the highest common divisor of 14 and p.
2
Suppose j - 5*d = 2*j - 285, j - 5*d - 265 = 0. Let h be (-2 - 63/(-3)) + 0. Suppose -h + 119 = 4*w. Calculate the highest common factor of w and j.
25
Suppose -4*n + u - 15 = 0, 0 = -5*n - 0*u + 2*u - 21. Let r(k) = -k**2 - 6*k. Let o be r(n). Calculate the greatest common factor of 18 and o.
9
Let p(d) = 28*d**2 - 9*d - 38. Let o be p(-6). What is the greatest common factor of 8 and o?
8
Let o = -2219 - -2288. What is the highest common divisor of o and 9?
3
Suppose 0 = -3*j, 3*j = -5*c - j - 20. Let g be ((-6)/c)/((-1)/(-28)). What is the highest common factor of 63 and g?
21
Let o = 18 + 8. Suppose 4*n - 29 - 5 = t, 0 = -3*n + t + o. Calculate the highest common divisor of n and 1.
1
Suppose 60*f = 22*f + 6118. Calculate the highest common divisor of f and 3703.
161
Suppose -16*v = -20*v - 280. Suppose l + 10 = 6*l, 0 = -p - 2*l - 6. Let c be 42/v - 36/p. Calculate the greatest common factor of c and 15.
3
Suppose -4*n = 5*j - 3187, 0*n + 3*j = -4*n + 3189. Calculate the greatest common divisor of n and 456.
114
Suppose -3*s + 424 = -143. What is the greatest common divisor of s and 27?
27
Suppose 0*j - j - 10 = 3*x, 15 = 4*j + x. Suppose 3*u + 130 = 4*h, -j*h = -2*u - 6 - 83. Let n = 2 - u. Calculate the greatest common divisor of 4 and n.
4
Let f be (-1*280/30)/(2/(-78)). Calculate the greatest common factor of f and 91.
91
Let r = 2 + 4. Suppose 2*f + 2 = r. Suppose 45 = 3*p + 3*s, 4*p - 2*s - 18 = 3*p. Calculate the greatest common factor of f and p.
2
Suppose -2*y = -11*y + 252. What is the greatest common factor of y and 35?
7
Suppose -l = -0*l - 540. Let t = 1106 - l. Suppose -4*w + w + t = 5*z, -2*w + 4 = 0. Calculate the highest common factor of z and 14.
14
Let m(p) = -p**3 - 35*p**2 - 69*p + 9. Let u be m(-33). Calculate the greatest common divisor of u and 108.
108
Let g be 7*((-2)/14 + 1). Let b(f) = -f**3 - 11*f**2 - 11*f - 8. Let z be b(-10). Suppose -160 = z*i - g*i. What is the highest common divisor of 5 and i?
5
Suppose -126*w = -99*w - 89667. Calculate the greatest common divisor of w and 81.
81
Suppose 18*s - 55 = 1097. Suppose 31 = -3*q + s. Suppose 4*y + m = 50 - 1, y - 21 = -2*m. What is the greatest common divisor of y and q?
11
Suppose 11 = -b - 3*b + 3*r, -r = -1. Let s be (b/2)/(4/(-64)). What is the highest common divisor of 16 and s?
16
Let t(j) = -5*j**3 - 126*j**2 - 27*j - 24. Let u be t(-25). What is the greatest common divisor of 793 and u?
13
Suppose -2*p = 4*s - 60, -18 - 12 = -2*s + 3*p. Let m be (7 - 3)*900/24. What is the highest common divisor of s and m?
15
Let z = 41 - 64. Let r = 13 - z. What is the highest common divisor of 9 and r?
9
Let u(g) = -g**2 + 32*g - 205. Let f be u(14). What is the highest common factor of 517 and f?
47
Suppose 2*t - t - 10 = 0. Let b be (-1)/(-2) - (-695)/t. Suppose 0 = -3*c - 3*a + 39, a = -4*c - 2*a + 49. Calculate the highest common divisor of b and c.
10
Let x be (-18 - 5)/(2/(-6)). Let s = x - 49. What is the greatest common factor of 60 and s?
20
Suppose -4*o + 151 = -149. Let m(u) = -u**3 + 25*u**2 - 84*u + 30. Let n be m(21). Calculate the highest common divisor of o and n.
15
Suppose -2*o + g + 24 = 0, -o - 4*g + 14 = 2*o. Let k be (-4)/o - (-266)/(-35). Let t be (-2)/4 - 84/k. What is the highest common divisor of 5 and t?
5
Let l(f) = f**3 - 3*f**2 - 9. Let b(o) = -o - 1. Let k be b(-5). Let h be l(k). Calculate the highest common divisor of h and 49.
7
Let r = -133 + 143. Calculate the highest common factor of r and 55.
5
Let i be (-2)/5 + 1072/(-20). Let c = i - -68. Let k be 63*(-1 - (-3)/1). What is the greatest common divisor of k and c?
14
Let b(g) = g**2 - 41*g + 569. Let w be b(27). What is the greatest common divisor of 1 and w?
1
Let k be 0/(4 + -3 + -2). Suppose k = -i - 17 + 21. Suppose -j = -4*s + 6, 0 = 2*j - i*j - 3*s + 10. What is the greatest common divisor of j and 6?
2
Let q be (-20)/6*48/(-40). Suppose 0 = -a + 5, -2*k + 75 = -q*a + 19. Calculate the highest common factor of k and 95.
19
Let k be ((-40)/30)/((-2)/(-792)). Let j be (-10)/65 + k/(-52). Calculate the highest common factor of 25 and j.
5
Let f(z) = 0 - 6*z - 3 - 10 - 5. Let m be f(-8). What is the highest common factor of m and 60?
30
Let r be 28 + 0 + 1 + 2. Suppose -3*h = -4*t + r, -4*t - 3*h = -2 + 1. What is the greatest common factor of t and 28?
4
Suppose -52 = -4*k - 4*f, -37 + 108 = 5*k + 3*f. Let v = -1682 - -1762. What is the highest common divisor of v and k?
16
Let i(l) = 109*l + 117. Let d be i(0). Let m(h) = -9*h + 6. Let c be m(-8). Calculate the highest common divisor of d and c.
39
Let y(r) = -26*r**3 + 3*r**2 + 3*r. Let p be y(-1). Suppose p = 5*i + 6. Let x be ((-4)/(-2))/((-3)/(-9)). Calculate the highest common factor of i and x.
2
Let x be (-2 + (-12)/(-9))/(8/(-156)). Suppose 2*h - 120 = -x*h. Calculate the highest common factor of 4 and h.
4
Let l = 237 + -162. Calculate the greatest common factor of 15 and l.
15
Let o be 3/(-6) - (-531)/6. Let z(d) = -d**3 + d. Let k be z(-3). Let b = -2 + k. Calculate the greatest common divisor of b and o.
22
Suppose 5*k - 89 = 6. Let d be 1/(((-3)/(-7))/(-1 - -58)). What is the highest common factor of d and k?
19
Suppose -456 + 114 = -18*t. What is the highest common divisor of 209 and t?
19
Let i(s) = -s**3 - 7*s**2 - 8*s - 5. Let u be i(-6). Suppose -22*m + 30 = -17*m - f, 2*m - 3*f + 1 = 0. What is the greatest common factor of u and m?
7
Suppose 35 + 43 = -3*o. Let j = o + 37. Suppose 0 = u - 79 - 42. Calculate the greatest common factor of u and j.
11
Suppose -37*t + 11 = -211. Calculate the highest common factor of 12 and t.
6
Suppose 0 = -3*t + 5*c - 6*c + 12, -3*t - 4*c + 21 = 0. What is the greatest common divisor of t and